{"id":2368,"date":"2016-06-15T22:15:34","date_gmt":"2016-06-15T19:15:34","guid":{"rendered":"http:\/\/oykunhotel.com\/?page_id=2368"},"modified":"2017-02-20T09:59:50","modified_gmt":"2017-02-20T07:59:50","slug":"bella-apartlari","status":"publish","type":"page","link":"https:\/\/oykunhotel.com\/?page_id=2368&lang=tr","title":{"rendered":"Bella Apartlar\u00c4\u00b1"},"content":{"rendered":"<p><div class=\"fusion-fullwidth fullwidth-box fusion-builder-row-1 fusion-parallax-none nonhundred-percent-fullwidth non-hundred-percent-height-scrolling\" style=\"background-color: rgba(255,255,255,0);background-image: url(&quot;http:\/\/oykunhotel.com\/wp-content\/uploads\/2016\/05\/33.jpg&quot;);background-position: center center;background-repeat: no-repeat;padding-top:30px;padding-right:0px;padding-bottom:0px;padding-left:0px;margin-bottom: 0px;margin-top: 0px;border-width: 0px 0px 0px 0px;border-color:#eae9e9;border-style:solid;-webkit-background-size:cover;-moz-background-size:cover;-o-background-size:cover;background-size:cover;\" ><div class=\"fusion-builder-row fusion-row\"><div class=\"fusion-layout-column fusion_builder_column fusion-builder-column-0 fusion_builder_column_1_3 1_3 fusion-one-third fusion-column-first\" style=\"width:30.6666%; margin-right: 4%;margin-top:0px;margin-bottom:20px;\"><div class=\"fusion-column-wrapper fusion-flex-column-wrapper-legacy\" style=\"background-position:right bottom;background-repeat:no-repeat;-webkit-background-size:cover;-moz-background-size:cover;-o-background-size:cover;background-size:cover;padding: 0px 0px 0px 0px;\"><div class=\"fusion-text fusion-text-1\"><p style=\"letter-spacing: 4px; font-size: 13px; margin-bottom: 0px;\">OYKUN\u00c2\u00a0EVLER\u00c4\u00b0<\/p>\n<h1>Bella\u00c2\u00a0Apartlar\u00c4\u00b1<\/h1>\n<\/div><div class=\"fusion-sep-clear\"><\/div><div class=\"fusion-separator fusion-clearfix\" style=\"float:left;margin-top:0px;margin-bottom:20px;width:100%;max-width:50px;\"><div class=\"fusion-separator-border sep-single sep-solid\" style=\"border-color:#cbaa5c;border-top-width:1px;\"><\/div><\/div><div class=\"fusion-sep-clear\"><\/div><div class=\"fusion-text fusion-text-2\"><ul>\n<li style=\"text-align: left;\">Evden uzakta ev konforunda tatil isteyenler<\/li>\n<li style=\"text-align: left;\">Uygun fiyatlara uzun s\u00c3\u00bcreli konaklama imkan\u00c4\u00b1<\/li>\n<li style=\"text-align: left;\">Tamamen yeni mobilyalar ve havuz \u00c2\u00a0ile 2 yada 4 yatak odal\u00c4\u00b1 apartlar<\/li>\n<li style=\"text-align: left;\">Oykun Hotel imkanlar\u00c4\u00b1ndan yararlanabilirsiniz<\/li>\n<li style=\"text-align: left;\"><strong><span style=\"color: #ff0000;\">BEDAVA<\/span><\/strong> havaliman\u00c4\u00b1 transferi<\/li>\n<\/ul>\n<\/div><div class=\"fusion-text fusion-text-3\"><h3 style=\"text-align: center;\"><strong>Apart Fiyatlar\u00c4\u00b1 A\u00c5\u0178a\u00c4\u0178\u00c4\u00b1dad\u00c4\u00b1r<\/strong><\/h3>\n<\/div><div class=\"fusion-clearfix\"><\/div><\/div><\/div><div class=\"fusion-layout-column fusion_builder_column fusion-builder-column-1 fusion_builder_column_2_3 2_3 fusion-two-third fusion-column-last\" style=\"width:65.3333%;margin-top:0px;margin-bottom:20px;\"><div class=\"fusion-column-wrapper fusion-flex-column-wrapper-legacy\" style=\"background-position:right center;background-repeat:no-repeat;-webkit-background-size:cover;-moz-background-size:cover;-o-background-size:cover;background-size:cover;background-color:#f4f6f8;border:1px solid #f4f6f8;padding: 20px;\"><div class=\"fusion-image-carousel fusion-image-carousel-auto fusion-image-carousel-1 lightbox-enabled\"><div class=\"fusion-carousel\" data-autoplay=\"yes\" data-columns=\"1\" data-itemmargin=\"13\" data-itemwidth=\"180\" data-touchscroll=\"no\" data-imagesize=\"auto\" data-scrollitems=\"1\"><div class=\"fusion-carousel-positioner\"><ul class=\"fusion-carousel-holder\"><li class=\"fusion-carousel-item\"><div class=\"fusion-carousel-item-wrapper\"><div class=\"fusion-image-wrapper hover-type-none\"><a data-rel=\"iLightbox[image_carousel_1]\" href=\"http:\/\/oykunhotel.com\/wp-content\/uploads\/2016\/05\/4.jpg\" target=\"_self\"><img src=\"http:\/\/oykunhotel.com\/wp-content\/uploads\/2016\/05\/4.jpg\" alt=\"\"\/><\/a><\/div><\/div><\/li><li class=\"fusion-carousel-item\"><div class=\"fusion-carousel-item-wrapper\"><div class=\"fusion-image-wrapper hover-type-none\"><a data-rel=\"iLightbox[image_carousel_1]\" href=\"http:\/\/oykunhotel.com\/wp-content\/uploads\/2016\/05\/5.jpg\" target=\"_self\"><img src=\"http:\/\/oykunhotel.com\/wp-content\/uploads\/2016\/05\/5.jpg\" alt=\"\"\/><\/a><\/div><\/div><\/li><li class=\"fusion-carousel-item\"><div class=\"fusion-carousel-item-wrapper\"><div class=\"fusion-image-wrapper hover-type-none\"><a data-rel=\"iLightbox[image_carousel_1]\" href=\"http:\/\/oykunhotel.com\/wp-content\/uploads\/2016\/05\/7.jpg\" target=\"_self\"><img src=\"http:\/\/oykunhotel.com\/wp-content\/uploads\/2016\/05\/7.jpg\" alt=\"\"\/><\/a><\/div><\/div><\/li><li class=\"fusion-carousel-item\"><div class=\"fusion-carousel-item-wrapper\"><div class=\"fusion-image-wrapper hover-type-none\"><a data-rel=\"iLightbox[image_carousel_1]\" href=\"http:\/\/oykunhotel.com\/wp-content\/uploads\/2016\/05\/8.jpg\" target=\"_self\"><img src=\"http:\/\/oykunhotel.com\/wp-content\/uploads\/2016\/05\/8.jpg\" alt=\"\"\/><\/a><\/div><\/div><\/li><li class=\"fusion-carousel-item\"><div class=\"fusion-carousel-item-wrapper\"><div class=\"fusion-image-wrapper hover-type-none\"><a data-rel=\"iLightbox[image_carousel_1]\" href=\"http:\/\/oykunhotel.com\/wp-content\/uploads\/2016\/05\/bella.jpg\" target=\"_self\"><img src=\"http:\/\/oykunhotel.com\/wp-content\/uploads\/2016\/05\/bella.jpg\" alt=\"\"\/><\/a><\/div><\/div><\/li><li class=\"fusion-carousel-item\"><div class=\"fusion-carousel-item-wrapper\"><div class=\"fusion-image-wrapper hover-type-none\"><a data-rel=\"iLightbox[image_carousel_1]\" href=\"http:\/\/oykunhotel.com\/wp-content\/uploads\/2016\/05\/3.jpg\" target=\"_self\"><img src=\"http:\/\/oykunhotel.com\/wp-content\/uploads\/2016\/05\/3.jpg\" alt=\"\"\/><\/a><\/div><\/div><\/li><\/ul><div class=\"fusion-carousel-nav\"><button class=\"fusion-nav-prev awb-icon-left\" aria-label=\"\u00d6nceki\"><\/button><button class=\"fusion-nav-next awb-icon-right\" aria-label=\"Sonraki\"><\/button><\/div><\/div><\/div><\/div><div class=\"fusion-clearfix\"><\/div><\/div><\/div><\/div><\/div><div class=\"fusion-fullwidth fullwidth-box fusion-builder-row-2 nonhundred-percent-fullwidth non-hundred-percent-height-scrolling\" style=\"background-color: rgba(255,255,255,0);background-position: left top;background-repeat: no-repeat;padding-top:20px;padding-right:0px;padding-bottom:20px;padding-left:0px;margin-bottom: 0px;margin-top: 0px;border-width: 0px 0px 0px 0px;border-color:#eae9e9;border-style:solid;\" ><div class=\"fusion-builder-row fusion-row\"><div class=\"fusion-layout-column fusion_builder_column fusion-builder-column-2 fusion_builder_column_1_1 1_1 fusion-one-full fusion-column-first fusion-column-last fusion-column-no-min-height\" style=\"margin-top:0px;margin-bottom:0px;\"><div class=\"fusion-column-wrapper fusion-flex-column-wrapper-legacy\" style=\"background-position:left top;background-repeat:no-repeat;-webkit-background-size:cover;-moz-background-size:cover;-o-background-size:cover;background-size:cover;padding: 0px 0px 0px 0px;\"><div class=\"fusion-text fusion-text-4\"><h2 style=\"text-align: center;\">YEN\u00c4\u00b0 PROJE TAMAMEN B\u00c4\u00b0TT\u00c4\u00b0<br \/>\nKULLANIMA HAZIR<\/h2>\n<\/div><div class=\"fusion-text fusion-text-5\"><div class=\"table-1\">\n<h3 style=\"text-align: center;\"><strong>Uzun S\u00c3\u00bcreli Konaklama<\/strong><\/h3>\n<h4 style=\"text-align: center;\"><strong>(Full E\u00c5\u0178yal\u00c4\u00b1)<\/strong><\/h4>\n<table width=\"100%\">\n<thead>\n<tr>\n<th align=\"left\"><\/th>\n<th align=\"left\"><strong>Ayl\u00c4\u00b1k<\/strong><\/th>\n<th align=\"left\"><strong>3\u00c2\u00a0Ayl\u00c4\u00b1k<\/strong><\/th>\n<th align=\"left\"><strong>1\u00c2\u00a0Y\u00c4\u00b1l<\/strong><\/th>\n<th align=\"left\"><strong>3\u00c2\u00a0Y\u00c4\u00b1l<\/strong><\/th>\n<\/tr>\n<\/thead>\n<tbody>\n<tr>\n<td>2\u00c2\u00a0Yatak Odal\u00c4\u00b1 Apartlar<\/td>\n<td>Sorunuz?<\/td>\n<td>3000gbp<\/td>\n<td>4750gbp<\/td>\n<td>13500gbp<\/td>\n<\/tr>\n<tr>\n<td>4\u00c2\u00a0Yatak Odal\u00c4\u00b1 Apartlar<\/td>\n<td>Sorunuz?<\/td>\n<td>4500gbp<\/td>\n<td>6750gbp<\/td>\n<td>19500gbp<\/td>\n<\/tr>\n<\/tbody>\n<\/table>\n<\/div>\n<\/div><div class=\"fusion-text fusion-text-6\"><p style=\"text-align: center;\"><strong>2 Yatak odal\u00c4\u00b1 ve 4 yatak odal\u00c4\u00b1 evlerimiz tamamen yeni ve full e\u00c5\u0178yal\u00c4\u00b1d\u00c4\u00b1r. Ekstra \u00c3\u00bccretler yoktur.<\/strong><\/p>\n<p style=\"text-align: center;\"><strong>T\u00c3\u0153M VERG\u00c4\u00b0LER DAH\u00c4\u00b0LD\u00c4\u00b0R. EKSTRA \u00c3\u0153CRET \u00c3\u2013DEMEK ZORUNDA DE\u00c4\u017e\u00c4\u00b0LS\u00c4\u00b0N\u00c4\u00b0Z. S\u00c4\u00b0GORTALI EVLER, KOM\u00c4\u00b0SYON YOK.<\/strong><\/p>\n<p style=\"text-align: center;\">\u00c4\u00b0leti\u00c5\u0178im: <a href=\"mailto:info@oykunhotel.com\">info@oykunhotel.com<\/a><\/p>\n<\/div><div class=\"fusion-clearfix\"><\/div><\/div><\/div><\/div><\/div><div class=\"fusion-fullwidth fullwidth-box fusion-builder-row-3 nonhundred-percent-fullwidth non-hundred-percent-height-scrolling\" style=\"background-color: rgba(255,255,255,0);background-position: left top;background-repeat: no-repeat;padding-top:20px;padding-right:0px;padding-bottom:20px;padding-left:0px;margin-bottom: 0px;margin-top: 0px;border-width: 0px 0px 0px 0px;border-color:#eae9e9;border-style:solid;\" ><div class=\"fusion-builder-row fusion-row\"><div class=\"fusion-layout-column fusion_builder_column fusion-builder-column-3 fusion_builder_column_1_1 1_1 fusion-one-full fusion-column-first fusion-column-last fusion-column-no-min-height\" style=\"margin-top:0px;margin-bottom:0px;\"><div class=\"fusion-column-wrapper fusion-flex-column-wrapper-legacy\" style=\"background-position:left top;background-repeat:no-repeat;-webkit-background-size:cover;-moz-background-size:cover;-o-background-size:cover;background-size:cover;padding: 0px 0px 0px 0px;\"><div class=\"fusion-text fusion-text-7\"><div class=\"table-1\">\n<h3 style=\"text-align: center;\"><strong>Uzun\u00c2\u00a0S\u00c3\u00bcreli Konaklama<\/strong><\/h3>\n<h4 style=\"text-align: center;\"><strong>(E\u00c5\u0178yas\u00c4\u00b1z)<\/strong><\/h4>\n<table width=\"100%\">\n<thead>\n<tr>\n<th align=\"left\"><\/th>\n<th align=\"left\"><strong>Y\u00c4\u00b1ll\u00c4\u00b1k<\/strong><\/th>\n<th align=\"left\"><strong>3 Y\u00c4\u00b1l<\/strong><\/th>\n<\/tr>\n<\/thead>\n<tbody>\n<tr>\n<td>2\u00c2\u00a0Yatak Odal\u00c4\u00b1 Apartlar<\/td>\n<td>M\u00c3\u00bcsait. Fiyat Sorunuz<\/td>\n<td>M\u00c3\u00bcsait. Fiyat Sorunuz<\/td>\n<\/tr>\n<tr>\n<td>4\u00c2\u00a0Yatak Odal\u00c4\u00b1 Apartlar<\/td>\n<td>M\u00c3\u00bcsait. Fiyat Sorunuz<\/td>\n<td>M\u00c3\u00bcsait. Fiyat Sorunuz<\/td>\n<\/tr>\n<\/tbody>\n<\/table>\n<\/div>\n<\/div><div class=\"fusion-text fusion-text-8\"><p style=\"text-align: center;\"><strong>Yukar\u00c4\u00b1daki fiyatlara ocak, buzdolab\u00c4\u00b1, bula\u00c5\u0178\u00c4\u00b1k makinesi, her odada klima dahildir. Uydu sistemi haz\u00c4\u00b1rd\u00c4\u00b1r.<br \/>\nHepsi yeni ve 3 y\u00c4\u00b1l garantilidir.\u00c2\u00a0<\/strong><\/p>\n<p style=\"text-align: center;\">\u00c4\u00b0leti\u00c5\u0178im: <a href=\"mailto:info@oykunhotel.com\">info@oykunhotel.com<\/a><\/p>\n<\/div><div class=\"fusion-sep-clear\"><\/div><div class=\"fusion-separator\" style=\"margin-left: auto;margin-right: auto;margin-top:25px;margin-bottom:25px;width:100%;max-width:500px;\"><div class=\"fusion-separator-border sep-single sep-solid\" style=\"border-color:#cbaa5c;border-top-width:1px;\"><\/div><\/div><div class=\"fusion-sep-clear\"><\/div><div class=\"fusion-text fusion-text-9\"><h1 style=\"text-align: center;\">\u00c3\u2013RNEK EVLER\u00c4\u00b0M\u00c4\u00b0ZE BAKMAK \u00c4\u00b0STER M\u00c4\u00b0S\u00c4\u00b0N\u00c4\u00b0Z?<\/h1>\n<\/div><div class=\"fusion-text fusion-text-10\"><p style=\"text-align: center;\"><strong>\u00c4\u00b0leti\u00c5\u0178im: <a href=\"mailto:info@oykunhotel.com\">info@oykunhotel.com<\/a><\/strong><\/p>\n<\/div><div class=\"fusion-sep-clear\"><\/div><div class=\"fusion-separator\" style=\"margin-left: auto;margin-right: auto;margin-top:25px;margin-bottom:25px;width:100%;max-width:500px;\"><div class=\"fusion-separator-border sep-single sep-solid\" style=\"border-color:#cbaa5c;border-top-width:1px;\"><\/div><\/div><div class=\"fusion-sep-clear\"><\/div><div class=\"fusion-clearfix\"><\/div><\/div><\/div><div class=\"fusion-layout-column fusion_builder_column fusion-builder-column-4 fusion_builder_column_1_2 1_2 fusion-one-half fusion-column-first\" style=\"width:48%; margin-right: 4%;margin-top:0px;margin-bottom:20px;\"><div class=\"fusion-column-wrapper fusion-flex-column-wrapper-legacy\" style=\"background-position:left top;background-repeat:no-repeat;-webkit-background-size:cover;-moz-background-size:cover;-o-background-size:cover;background-size:cover;padding: 0px 0px 0px 0px;\"><div class=\"fusion-text fusion-text-11\"><h3 style=\"text-align: center;\"><strong>TES\u00c4\u00b0S BAKIM &amp; Y\u00c3\u2013NET\u00c4\u00b0M\u00c4\u00b0<\/strong><\/h3>\n<p>&nbsp;<\/p>\n<p>Tesis bak\u00c4\u00b1m hizmetleri ortak olarak yap\u00c4\u00b1lmakta ve t\u00c3\u00bcm evlerce ortak payla\u00c5\u0178\u00c4\u00b1lmaktad\u00c4\u00b1r. Tesis bak\u00c4\u00b1m masraflar\u00c4\u00b1 uygun fiyatlara ayl\u00c4\u00b1k olarak al\u00c4\u00b1nmaktad\u00c4\u00b1r. Bu hizmetler a\u00c5\u0178a\u00c4\u0178\u00c4\u00b1daki gibidir;<\/p>\n<ul>\n<li>Tesis bah\u00c3\u00a7e bak\u00c4\u00b1m\u00c4\u00b1 ve sulamas\u00c4\u00b1<\/li>\n<li>Tesisi elektrik y\u00c3\u00b6netimi ve bak\u00c4\u00b1m\u00c4\u00b1<\/li>\n<li>Tesis su bak\u00c4\u00b1m y\u00c3\u00b6netimi ve bak\u00c4\u00b1m\u00c4\u00b1<\/li>\n<li>Havuz ve havuz teras b\u00c3\u00b6lgesinin bak\u00c4\u00b1mlar\u00c4\u00b1 ve temizli\u00c4\u0178i. (May\u00c4\u00b1s ortas\u00c4\u00b1ndan Ekim ortas\u00c4\u00b1na kadar)<\/li>\n<li>Havuz suyu temizli\u00c4\u0178i ve \u00c3\u00b6l\u00c3\u00a7\u00c3\u00bcmleri<\/li>\n<li>Bah\u00c3\u00a7e yollar\u00c4\u00b1, duvarlar, bah\u00c3\u00a7e kap\u00c4\u00b1lar\u00c4\u00b1 ortak alan \u00c4\u00b1\u00c5\u0178\u00c4\u00b1kland\u00c4\u00b1rmalar\u00c4\u00b1 ve havuz e\u00c5\u0178yalar\u00c4\u00b1n\u00c4\u00b1n bak\u00c4\u00b1mlar\u00c4\u00b1<\/li>\n<\/ul>\n<p>Bu servisler ortak alan elektrik, su ve havuz kimyasallar\u00c4\u00b1 \u00c3\u00bccretlerini de i\u00c3\u00a7ermektedir. (Evlerin de\u00c4\u0178il). Ortak alanlar i\u00c3\u00a7in hasar masraflar\u00c4\u00b1 ekstrad\u00c4\u00b1r. B\u00c3\u00bct\u00c3\u00bcn her ev i\u00c3\u00a7in y\u00c4\u00b1ll\u00c4\u00b1k 360\u00c2\u00a3.<\/p>\n<\/div><div class=\"fusion-clearfix\"><\/div><\/div><\/div><div class=\"fusion-layout-column fusion_builder_column fusion-builder-column-5 fusion_builder_column_1_2 1_2 fusion-one-half fusion-column-last\" style=\"width:48%;margin-top:0px;margin-bottom:20px;\"><div class=\"fusion-column-wrapper fusion-flex-column-wrapper-legacy\" style=\"background-position:left top;background-repeat:no-repeat;-webkit-background-size:cover;-moz-background-size:cover;-o-background-size:cover;background-size:cover;padding: 0px 0px 0px 0px;\"><div class=\"fusion-text fusion-text-12\"><h3 style=\"text-align: center;\"><strong>BELLA APART \u00c3\u2013ZELL\u00c4\u00b0KLER\u00c4\u00b0<\/strong><\/h3>\n<ul>\n<li>\u00c4\u00b0n\u00c5\u0178aat firmam\u00c4\u00b1zdan komisyonsuz ne fiyatlar.<\/li>\n<li>Yasal prosed\u00c3\u00bcrler tamamlanm\u00c4\u00b1\u00c5\u0178 ve oturma izinleri al\u00c4\u00b1nm\u00c4\u00b1\u00c5\u0178t\u00c4\u00b1r<\/li>\n<li>T\u00c3\u00bcm apartlar\u00c4\u00b1m\u00c4\u00b1z\u00c4\u00b1n b\u00c3\u00bcy\u00c3\u00bck balkonlar\u00c4\u00b1 vard\u00c4\u00b1r<\/li>\n<li><span style=\"line-height: 1.5;\">T\u00c3\u00bcm apartlar\u00c4\u00b1m\u00c4\u00b1z bol g\u00c3\u00bcne\u00c5\u0178 \u00c4\u00b1\u00c5\u0178\u00c4\u00b1\u00c4\u0178\u00c4\u00b1 almaktad\u00c4\u00b1r.<\/span><\/li>\n<li>Bella apartlar\u00c4\u00b1 \u00c3\u00a7al\u00c4\u00b1\u00c5\u0178 plaj\u00c4\u00b1na 600m, pazar pazar\u00c4\u00b1na ve restoranlara 200m, al\u00c4\u00b1\u00c5\u0178veri\u00c5\u0178 yap\u00c4\u00b1lacak yerlere 400m ve otob\u00c3\u00bcs duraklar\u00c4\u00b1na 100m uzakl\u00c4\u00b1ktad\u00c4\u00b1r.<\/li>\n<li>2100 m2\u00c2\u00a0alana sahip tesisimizde b\u00c3\u00bcy\u00c3\u00bck bir bah\u00c3\u00a7e ve bir\u00c3\u00a7ok meyve a\u00c4\u0178ac\u00c4\u00b1 bulunmaktad\u00c4\u00b1r.<\/li>\n<li>80 m2\u00c2\u00a0lik b\u00c3\u00bcy\u00c3\u00bck boy havuzu ve bir s\u00c3\u00bcr\u00c3\u00bc g\u00c3\u00bcne\u00c5\u0178lenme alan\u00c4\u00b1<\/li>\n<li>\u00c3\u2021ift caml\u00c4\u00b1 pencereler, 1. s\u00c4\u00b1n\u00c4\u00b1f kalite malzeme, kayarak a\u00c3\u00a7\u00c4\u00b1lan bankon kap\u00c4\u00b1lar\u00c4\u00b1 ve sinekler i\u00c3\u00a7in tel bulunmaktad\u00c4\u00b1r<\/li>\n<li>1. kalite banyo musluk, lavabo, ayna du\u00c5\u0178a kabin<\/li>\n<li>TV, telefon ve internet d\u00c3\u00bczeni haz\u00c4\u00b1rlanm\u00c4\u00b1\u00c5\u0178. <strong>Uydu sistemi haz\u00c4\u00b1r.<\/strong><\/li>\n<li>1. kalite seramik yer d\u00c3\u00b6\u00c5\u0178emesi<\/li>\n<li>1. kalite duvarlar<\/li>\n<li>I\u00c5\u0178\u00c4\u00b1k ve lamba d\u00c3\u00bczenleri tamamlanm\u00c4\u00b1\u00c5\u0178<\/li>\n<li>Her evde emanet kasas\u00c4\u00b1 ve posta kutusu bulunmaktad\u00c4\u00b1r<\/li>\n<li>\u00c4\u00b0zolasyonlar\u00c4\u00b1 tamamlanm\u00c4\u00b1\u00c5\u0178 evler<\/li>\n<li><b>Her odada yeni ve 3 y\u00c4\u00b1l garantili Beko klimalar<\/b><\/li>\n<li>Full e\u00c5\u0178yal\u00c4\u00b1 mutfak<\/li>\n<li><strong>F\u00c4\u00b1r\u00c4\u00b1n, buzdolab\u00c4\u00b1 ve bula\u00c5\u0178\u00c4\u00b1k makinesi tamamen yeni ve 3 y\u00c4\u00b1l garantili<\/strong><\/li>\n<li>1. kalite laminat parke yerler<\/li>\n<li>Her evde kendine \u00c3\u00b6zel g\u00c3\u00bcne\u00c5\u0178 enerjili s\u00c4\u00b1cak su bulunmaktad\u00c4\u00b1r<\/li>\n<\/ul>\n<\/div><div class=\"fusion-clearfix\"><\/div><\/div><\/div><\/div><\/div><div class=\"fusion-fullwidth fullwidth-box fusion-builder-row-4 fusion-parallax-none nonhundred-percent-fullwidth non-hundred-percent-height-scrolling\" style=\"background-color: rgba(255,255,255,0);background-image: url(&quot;http:\/\/oykunhotel.com\/wp-content\/uploads\/2016\/05\/villa-apartments.jpg&quot;);background-position: center top;background-repeat: no-repeat;padding-top:30px;padding-right:0px;padding-bottom:100px;padding-left:0px;margin-bottom: 0px;margin-top: 0px;border-width: 0px 0px 0px 0px;border-color:#eae9e9;border-style:solid;-webkit-background-size:cover;-moz-background-size:cover;-o-background-size:cover;background-size:cover;\" ><div class=\"fusion-builder-row fusion-row\"><div class=\"fusion-layout-column fusion_builder_column fusion-builder-column-6 fusion_builder_column_1_1 1_1 fusion-one-full fusion-column-first fusion-column-last fusion-column-no-min-height\" style=\"margin-top:0px;margin-bottom:0px;\"><div class=\"fusion-column-wrapper fusion-flex-column-wrapper-legacy\" style=\"background-position:left top;background-repeat:no-repeat;-webkit-background-size:cover;-moz-background-size:cover;-o-background-size:cover;background-size:cover;padding: 0px 0px 0px 0px;\"><div class=\"imageframe-align-center\"><span class=\" fusion-imageframe imageframe-dropshadow imageframe-1 hover-type-none\" style=\"-webkit-box-shadow: 3px 3px 7px rgba(0,0,0,0.3);box-shadow: 3px 3px 7px rgba(0,0,0,0.3);\"><a href=\"http:\/\/oykunhotel.com\/wp-content\/uploads\/2016\/05\/IMG_4320.jpg\" class=\"fusion-lightbox\" data-rel=\"iLightbox[403cbbbd99f2ccf0b5b]\"><img src=\"http:\/\/oykunhotel.com\/wp-content\/uploads\/2016\/05\/IMG_4320.jpg\" alt class=\"img-responsive\"\/><\/a><\/span><\/div><div class=\"fusion-clearfix\"><\/div><\/div><\/div><\/div><\/div><\/p>\n","protected":false},"excerpt":{"rendered":"","protected":false},"author":1,"featured_media":0,"parent":0,"menu_order":0,"comment_status":"closed","ping_status":"closed","template":"100-width.php","meta":[],"_links":{"self":[{"href":"https:\/\/oykunhotel.com\/index.php?rest_route=\/wp\/v2\/pages\/2368"}],"collection":[{"href":"https:\/\/oykunhotel.com\/index.php?rest_route=\/wp\/v2\/pages"}],"about":[{"href":"https:\/\/oykunhotel.com\/index.php?rest_route=\/wp\/v2\/types\/page"}],"author":[{"embeddable":true,"href":"https:\/\/oykunhotel.com\/index.php?rest_route=\/wp\/v2\/users\/1"}],"replies":[{"embeddable":true,"href":"https:\/\/oykunhotel.com\/index.php?rest_route=%2Fwp%2Fv2%2Fcomments&post=2368"}],"version-history":[{"count":0,"href":"https:\/\/oykunhotel.com\/index.php?rest_route=\/wp\/v2\/pages\/2368\/revisions"}],"wp:attachment":[{"href":"https:\/\/oykunhotel.com\/index.php?rest_route=%2Fwp%2Fv2%2Fmedia&parent=2368"}],"curies":[{"name":"wp","href":"https:\/\/api.w.org\/{rel}","templated":true}]}}